{"id":16,"date":"2015-05-27T02:47:31","date_gmt":"2015-05-27T02:47:31","guid":{"rendered":"http:\/\/www.antiguaalmamia.cl\/?page_id=16"},"modified":"2017-10-18T03:08:19","modified_gmt":"2017-10-18T03:08:19","slug":"talleres","status":"publish","type":"page","link":"https:\/\/antiguaalmamia.cl\/index.php\/talleres\/","title":{"rendered":"Talleres"},"content":{"rendered":"<h2 style=\"text-align: center;\"><img decoding=\"async\" loading=\"lazy\" class=\"alignnone size-full wp-image-285\" src=\"http:\/\/www.antiguaalmamia.cl\/wp-content\/uploads\/2015\/05\/taller_nov17.jpg\" alt=\"\" width=\"768\" height=\"1004\" srcset=\"https:\/\/antiguaalmamia.cl\/wp-content\/uploads\/2015\/05\/taller_nov17.jpg 768w, https:\/\/antiguaalmamia.cl\/wp-content\/uploads\/2015\/05\/taller_nov17-229x300.jpg 229w, https:\/\/antiguaalmamia.cl\/wp-content\/uploads\/2015\/05\/taller_nov17-250x327.jpg 250w\" sizes=\"(max-width: 768px) 100vw, 768px\" \/><\/h2>\n<h2 style=\"text-align: center;\">Viernes 26 de Mayo a las 17:15 hrs. habr\u00e1 una Tertulia sobre:<span style=\"font-size: xx-small;\"><br \/>\n<\/span><span style=\"color: #800080;\">\"La Experiencia Intrauterina y los Primeros a\u00f1os de Vida\"<\/span><span style=\"font-size: xx-small;\"><br \/>\n<\/span>Se realizar\u00e1 en la Academia de Estudios Hol\u00edsticos Syncronia <span style=\"font-size: xx-small;\"><br \/>\n<\/span>Ubicado en Rafael Ca\u00f1as 16, oficina D.<\/h2>\n<p>&nbsp;<\/p>\n<p><img decoding=\"async\" loading=\"lazy\" class=\"aligncenter size-full wp-image-277\" src=\"http:\/\/www.antiguaalmamia.cl\/wp-content\/uploads\/2015\/05\/raiz_vida.jpg\" alt=\"\" width=\"768\" height=\"590\" srcset=\"https:\/\/antiguaalmamia.cl\/wp-content\/uploads\/2015\/05\/raiz_vida.jpg 768w, https:\/\/antiguaalmamia.cl\/wp-content\/uploads\/2015\/05\/raiz_vida-300x230.jpg 300w, https:\/\/antiguaalmamia.cl\/wp-content\/uploads\/2015\/05\/raiz_vida-250x192.jpg 250w\" sizes=\"(max-width: 768px) 100vw, 768px\" \/><\/p>\n<p><img decoding=\"async\" loading=\"lazy\" class=\"aligncenter size-full wp-image-276\" src=\"http:\/\/www.antiguaalmamia.cl\/wp-content\/uploads\/2015\/05\/elaboracion_duelo.jpg\" alt=\"\" width=\"685\" height=\"532\" srcset=\"https:\/\/antiguaalmamia.cl\/wp-content\/uploads\/2015\/05\/elaboracion_duelo.jpg 685w, https:\/\/antiguaalmamia.cl\/wp-content\/uploads\/2015\/05\/elaboracion_duelo-300x233.jpg 300w, https:\/\/antiguaalmamia.cl\/wp-content\/uploads\/2015\/05\/elaboracion_duelo-250x194.jpg 250w\" sizes=\"(max-width: 685px) 100vw, 685px\" \/><\/p>\n<p><strong><span style=\"color: #800080;\">TALLER \u201cEL DUELO\u201d<\/span><\/strong><br \/>\n<strong> <span style=\"color: #800080;\"> PROFESORA: EDELWAIS CORTES KEHR<\/span><\/strong><\/p>\n<p>Terapeuta de Vida Pasada- Asistente Social (Universidad de Chile)- Post Grado Salud P\u00fablica. Formaci\u00f3n Terapeuta Regresiva Reconstructiva- Escritora.<\/p>\n<p style=\"text-align: justify;\"><img decoding=\"async\" loading=\"lazy\" class=\"alignleft size-full wp-image-212\" src=\"http:\/\/www.antiguaalmamia.cl\/wp-content\/uploads\/2015\/05\/duelo2.jpg\" alt=\"Taller del duelo\" width=\"503\" height=\"321\" srcset=\"https:\/\/antiguaalmamia.cl\/wp-content\/uploads\/2015\/05\/duelo2.jpg 503w, https:\/\/antiguaalmamia.cl\/wp-content\/uploads\/2015\/05\/duelo2-300x191.jpg 300w, https:\/\/antiguaalmamia.cl\/wp-content\/uploads\/2015\/05\/duelo2-250x160.jpg 250w\" sizes=\"(max-width: 503px) 100vw, 503px\" \/>Somos una sociedad inmadura con respecto a la muerte. Pese a que la muerte es una realidad permanente y continua, una certeza de cierto modo, muchos le temen o no saben procesar los acontecimientos luego de vivir la experiencia de la muerte de un ser querido.<\/p>\n<p style=\"text-align: justify;\">Necesitamos poner atenci\u00f3n a ella para que las nuevas generaciones valoren la vida y sus ense\u00f1anzas.<\/p>\n<p style=\"text-align: justify;\">Este Taller ofrece una oportunidad de autoconsciencia e intercambio grupal que permita canalizar el dolor y el impacto emocional que origina el duelo.<\/p>\n<p style=\"text-align: justify;\">Est\u00e1 dirigido a personas en proceso de p\u00e9rdida y a quienes est\u00e1n viviendo el fallecimiento de un ser querido.<\/p>\n<p style=\"text-align: justify;\"><b><span style=\"color: #993366;\">23 de Abril de 10 a 14 horas<\/span><br \/>\n<\/b>Valor\u00a0del taller $ 45.000<br \/>\nHay precios especiales para mayores de 60 a\u00f1os y estudiantes. Se puede documentar con cheques a fecha.<\/p>\n<p style=\"text-align: justify;\">El curso se dicta con un m\u00ednimo de 5 alumnos-<\/p>\n<p style=\"text-align: justify;\">INSCRIPCIONES ABIERTAS Rafael Ca\u00f1as 16 oficina D, www.syncronia.cl<\/p>\n<p>&nbsp;<\/p>\n<p>&nbsp;<\/p>\n<p><strong><span style=\"color: #800080;\">TALLER:\u201cACTIVACION\u00a0 DE LA GLANDULA PINEAL\u201d <\/span><\/strong><br \/>\n<strong><span style=\"color: #800080;\"> REGRESO A LA VERDAD INTERIOR<\/span><\/strong><\/p>\n<p><strong><span style=\"color: #800080;\">EDELWAIS CORTES KEHR: <\/span><\/strong><br \/>\nProfesora\u00a0 Academia de Estudios Hol\u00edstica Syncron\u00eda.<br \/>\nTerapeuta de Vida Pasada y Terapeuta Regresiva Reconstructiva.<\/p>\n<p style=\"text-align: justify;\"><img decoding=\"async\" loading=\"lazy\" class=\"alignleft size-full wp-image-210\" src=\"http:\/\/www.antiguaalmamia.cl\/wp-content\/uploads\/2015\/05\/glapin.jpg\" alt=\"glapin\" width=\"503\" height=\"321\" srcset=\"https:\/\/antiguaalmamia.cl\/wp-content\/uploads\/2015\/05\/glapin.jpg 503w, https:\/\/antiguaalmamia.cl\/wp-content\/uploads\/2015\/05\/glapin-300x191.jpg 300w, https:\/\/antiguaalmamia.cl\/wp-content\/uploads\/2015\/05\/glapin-250x160.jpg 250w\" sizes=\"(max-width: 503px) 100vw, 503px\" \/>\u00bfCu\u00e1l es el sentido y direcci\u00f3n de mi vida? \u00bfPor qu\u00e9 hago lo que hago? \u00bfPor qu\u00e9 digo lo que digo?<br \/>\nEstamos permanentemente sorprendidos en la vor\u00e1gine de la vida como una hoja movida por los vientos, una experiencia que va deformando y desdibujando el verdadero sentido de cada existencia.<\/p>\n<p style=\"text-align: justify;\">Nos rodea una energ\u00eda sutil, un sistema perceptivo sensible en permanente comunicaci\u00f3n con todo. La observaci\u00f3n meditativa de nuestro propio cuerpo permite el despeje y comprensi\u00f3n de los misterios que se han ido ocultando en la matriz energ\u00e9tica que somos.<\/p>\n<p style=\"text-align: justify;\">Lo divino est\u00e1 encerrado en nuestro organismo biol\u00f3gico, se manifiesta en siete faces de poder que se acrisolan y nos hacen trascendentes. Volver a los centros y activarlos es un trabajo espiritual y de sanaci\u00f3n que despierta al ser creativo que somos, permiti\u00e9ndonos acceder a una nueva dimensi\u00f3n de conciencia y reconectarnos con la misi\u00f3n personal.<\/p>\n<p style=\"text-align: justify;\"><span style=\"color: #800080;\"><b><span style=\"color: #800080;\">7 de Mayo de 11 a 19 horas<\/span><br \/>\n<\/b><\/span>Valor total $71.000<br \/>\nExisten descuentos para personas mayores de 60 a\u00f1os. Estudiantes.<br \/>\nPlazos de pago documentados con cheques, sin intereses.<br \/>\nEl curso se imparte con un m\u00ednimo de 5 alumnos.<\/p>\n<p style=\"text-align: justify;\">INSCRIPCIONES ABIERTAS Rafael Ca\u00f1as 16 oficina D Providencia, www.syncronia.cl<\/p>\n<p style=\"text-align: justify;\">Tel\u00e9fonos: 2640516 y 2643063.<\/p>\n<h4><\/h4>\n<h4><\/h4>\n<p>&nbsp;<\/p>\n<p>&nbsp;<\/p>\n<h4><\/h4>\n<h4><span style=\"color: #800080;\"><strong>Talleres \"Activaci\u00f3n de la Gl\u00e1ndula Pineal\"<\/strong><\/span><\/h4>\n<p>Encargada: Edelwais Cortes Kehr<br \/>\nLugar: Academia de Estudios Hol\u00edsticos Syncron\u00eda<\/p>\n<p style=\"text-align: justify;\"><img decoding=\"async\" loading=\"lazy\" class=\"alignleft size-medium wp-image-165\" src=\"http:\/\/www.antiguaalmamia.cl\/wp-content\/uploads\/2015\/05\/glandula-300x225.jpg\" alt=\"glandula\" width=\"300\" height=\"225\" srcset=\"https:\/\/antiguaalmamia.cl\/wp-content\/uploads\/2015\/05\/glandula-300x225.jpg 300w, https:\/\/antiguaalmamia.cl\/wp-content\/uploads\/2015\/05\/glandula-1024x768.jpg 1024w, https:\/\/antiguaalmamia.cl\/wp-content\/uploads\/2015\/05\/glandula-250x188.jpg 250w, https:\/\/antiguaalmamia.cl\/wp-content\/uploads\/2015\/05\/glandula-200x150.jpg 200w, https:\/\/antiguaalmamia.cl\/wp-content\/uploads\/2015\/05\/glandula.jpg 1200w\" sizes=\"(max-width: 300px) 100vw, 300px\" \/>Estos Talleres se realizan con grupos peque\u00f1os donde se produzca un campo de energ\u00eda especial que facilite el ejercicio de las t\u00e9cnicas meditaci\u00f3n y, a la vez, procurar el intercambio cercano, coloquial y sanador.<\/p>\n<p style=\"text-align: justify;\">Activar la Gl\u00e1ndula Pineal es <b>crear aquello que so\u00f1amos.<\/b><\/p>\n<p style=\"text-align: justify;\">Es activar el <b>\"guru interior\"<\/b> que orienta espiritualmente. Se le considera un <b>oc\u00e9ano de n\u00e9ctar, ese estado de la vida que permite ascender a espacios superiores de conciencia personal y colectiva, m\u00e1s all\u00e1 de la mente racional a fin de ingresar al conocimiento profundo de s\u00ed mismos y de la sabidur\u00eda.<\/b><\/p>\n<div class=\"row\">\n<div class=\"col-md-6\">\n<p style=\"text-align: justify;\">La Gl\u00e1ndula pineal, parecida al tama\u00f1o de una lenteja, esta ubicada en el centro del cerebro y produce la hormona melatonina cuya funci\u00f3n principal es la regeneraci\u00f3n celular. Pineal - Pituitaria, ambas gl\u00e1ndulas vibran al un\u00edsono, y al ser activadas se convierten en un canal de comunicaci\u00f3n de nuestro ser con los anales espirituales permitiendo el intercambio de informaci\u00f3n con la luz divina. Este intercambio es fundamental para el conocimiento de uno mismo y del proceso en que nos hayamos insertos, facilita realizar los cambios necesarios en la vida y liberar las ataduras, sanar.<\/p>\n<p style=\"text-align: justify;\">La claridad alumbra los caminos brindando una nueva orientaci\u00f3n.<\/p>\n<p style=\"text-align: justify;\">Estas Gl\u00e1ndulas se consideran maestras, ya que crean una red de comunicaci\u00f3n qu\u00edmica que controla gran parte de los procesos fisiol\u00f3gicos y representan los mensajeros qu\u00edmicos del alma.<\/p>\n<p style=\"text-align: justify;\">Activar las Gl\u00e1ndulas Pineal - Pituitaria representa la conexi\u00f3n con lo m\u00e1s elevado de nosotros mismos, son los eslabones que nos revelan la verdad interior; nos unen a otros niveles dimensionales, amplificando la conciencia. Tambi\u00e9n facilita el encuentro con seres de luz, aquellos maestros que sutilmente gu\u00edan nuestro caminar hacia la realizaci\u00f3n personal.<\/p>\n<\/div>\n<h4>Taller \u201cActivaci\u00f3n Gl\u00e1ndula Pineal\u201d realizado el 25 de Abril 2015 en Academia de Estudios Hol\u00edsticos Syncron\u00eda.<\/h4>\n<h4>Taller \u201cNi\u00f1o Herido y Corte de Lazos\u201d\u00a0realizado el 30 de mayo de 2015 en Academia de Estudios Hol\u00edsticos Syncron\u00eda.<\/h4>\n<\/div>\n","protected":false},"excerpt":{"rendered":"<p>Viernes 26 de Mayo a las 17:15 hrs. habr\u00e1 una Tertulia sobre: \"La Experiencia Intrauterina y los Primeros a\u00f1os de Vida\" Se realizar\u00e1 en la Academia de Estudios Hol\u00edsticos Syncronia Ubicado en Rafael Ca\u00f1as 16, oficina D. &nbsp; TALLER \u201cEL DUELO\u201d PROFESORA: EDELWAIS CORTES KEHR Terapeuta de Vida Pasada- Asistente Social (Universidad de Chile)- Post Grado Salud P\u00fablica. Formaci\u00f3n Terapeuta&nbsp;<a href=\"https:\/\/antiguaalmamia.cl\/index.php\/talleres\/\" class=\"read-more\">Continue Reading<\/a><\/p>\n","protected":false},"author":1,"featured_media":0,"parent":0,"menu_order":0,"comment_status":"open","ping_status":"open","template":"page-fullwidth.php","meta":{"footnotes":""},"_links":{"self":[{"href":"https:\/\/antiguaalmamia.cl\/index.php\/wp-json\/wp\/v2\/pages\/16"}],"collection":[{"href":"https:\/\/antiguaalmamia.cl\/index.php\/wp-json\/wp\/v2\/pages"}],"about":[{"href":"https:\/\/antiguaalmamia.cl\/index.php\/wp-json\/wp\/v2\/types\/page"}],"author":[{"embeddable":true,"href":"https:\/\/antiguaalmamia.cl\/index.php\/wp-json\/wp\/v2\/users\/1"}],"replies":[{"embeddable":true,"href":"https:\/\/antiguaalmamia.cl\/index.php\/wp-json\/wp\/v2\/comments?post=16"}],"version-history":[{"count":16,"href":"https:\/\/antiguaalmamia.cl\/index.php\/wp-json\/wp\/v2\/pages\/16\/revisions"}],"predecessor-version":[{"id":288,"href":"https:\/\/antiguaalmamia.cl\/index.php\/wp-json\/wp\/v2\/pages\/16\/revisions\/288"}],"wp:attachment":[{"href":"https:\/\/antiguaalmamia.cl\/index.php\/wp-json\/wp\/v2\/media?parent=16"}],"curies":[{"name":"wp","href":"https:\/\/api.w.org\/{rel}","templated":true}]}}